 common divisor of z and t.
12
Let m(p) = 2*p**2 + 2*p + 1. Let g be m(3). Calculate the highest common factor of g and 225.
25
Let k be ((-4)/(-6))/(1/18). Suppose -5*p + 64 = -4*v - p, -3*v = 4*p + 48. Let x be ((-12)/v)/(1/k). What is the greatest common divisor of 72 and x?
9
Let l(q) = q**3 + q**2 + 6. Let v be l(0). Suppose -115 = -5*h + 5*f - 0*f, -25 = 5*f. What is the greatest common divisor of h and v?
6
Let o = -16 - -86. What is the highest common divisor of o and 35?
35
Let j(p) = p**2 + 8. Let s be j(0). Let m be s/(-3)*3/2. Let o be m/12 - 626/(-6). Calculate the greatest common divisor of o and 13.
13
Let v be (3 - -87)*(44/8 - 4). Calculate the greatest common factor of v and 27.
27
Let r be 2/(3/6*2). Let c = 10 - r. Let n be (-3)/((-4)/((-32)/(-6))). Calculate the greatest common divisor of c and n.
4
Let b = -44 - -164. Calculate the highest common factor of 30 and b.
30
Let t = 51 + -36. Suppose -4 = 5*l - 79. Calculate the highest common factor of t and l.
15
Let x(q) = 5*q**2 - 3*q + 1. Let y be (4/7)/((-8)/(-28)). Let w be x(y). What is the highest common divisor of w and 135?
15
Suppose 4*r - 3*m + 4*m - 14 = 0, r = 2*m + 8. Calculate the greatest common divisor of 4 and r.
4
Suppose 0 = 2*d - p - 23, 11*d - 6*d - p - 62 = 0. Calculate the greatest common divisor of d and 143.
13
Let b = -27 - -13. Let f = b + 24. What is the greatest common factor of f and 40?
10
Let u(r) = 2*r**2 + 8*r + 32. Let x be u(-4). Let j be 20*6*(-2)/(-3). What is the greatest common divisor of x and j?
16
Let l be ((-276)/(-10))/(27/(-90)). Let s = l - -196. What is the highest common divisor of 13 and s?
13
Let l = 1 + -4. Let i = l - -4. Calculate the greatest common factor of 11 and i.
1
Suppose 8 = 3*q - 1. Suppose 3 = 2*f - 9. Calculate the highest common divisor of q and f.
3
Let y(t) = t**3 + 5*t**2 + 2*t + 2. Let u be y(-4). Calculate the greatest common factor of u and 15.
5
Suppose 0 = -4*a - b + 54, 14*a - 13*a = 5*b + 3. Calculate the highest common factor of 169 and a.
13
Let k = -3 - -14. What is the highest common factor of 99 and k?
11
Let u = 5 + -3. Suppose u*r = 3*r. Suppose r = 5*a - 4*a - 2*j, 2*a + 2*j - 18 = 0. What is the highest common factor of 66 and a?
6
Let q(v) = v + 4. Let j be q(-4). Suppose -4*c - 4*s + 300 = -j*s, -4*s = -c + 80. Let b = -40 + c. Calculate the greatest common factor of 4 and b.
4
Let b be 3*-5*192/(-80). What is the highest common factor of b and 6?
6
Suppose -9 = -3*x - 2*r - r, -3*x - r = -13. Suppose 4*p + x = -5*l - p, 0 = -2*p - 6. Calculate the highest common divisor of l and 4.
2
Suppose 3*f = -5*k - 11, -5*f + 7 - 12 = 5*k. Let g(m) = 2*m + 1. Let l be g(1). Calculate the highest common factor of f and l.
3
Suppose -b = 5*p - 2*p, 3*p + 9 = -4*b. Let h be 5 + 0/((-2)/(-2)). What is the highest common factor of h and p?
1
Let u(k) = k**3 - 4*k**2 - k + 22. Let r be u(5). What is the highest common divisor of 126 and r?
42
Suppose -m = -2*b + 84, 2*b - 5*m = -0*b + 100. What is the greatest common factor of b and 5?
5
Let s = -5 + 3. Let w be (-1 + 2)/(s/(-26)). Suppose -5*q + 75 = 2*h, 5*h = -5*q + 38 + 52. Calculate the greatest common factor of w and q.
13
Suppose x - 124 = 4*d + 23, -3*x = 4*d + 167. Let k = 72 + d. Suppose -k = -5*q + 61. What is the highest common divisor of q and 171?
19
Suppose 104 = 4*a - 0*a. Suppose -4*h + 3*n = -2*n - a, -4*n = -5*h + 37. What is the highest common divisor of h and 63?
9
Let m be ((-1)/3)/((-2)/42). Suppose 9 - 1 = 2*k. Suppose -k*x + 12 = -0*x, -o - m = -4*x. What is the greatest common divisor of o and 35?
5
Suppose -14 = -p + 4*g - 3, -p + 2*g + 3 = 0. Let f = p + 5. Suppose f = w - 4*w + 84. What is the highest common divisor of 42 and w?
14
Let u = -21 - -42. Suppose 60 - 18 = x. What is the greatest common divisor of u and x?
21
Let t(m) = -2*m - 2. Let i be t(-4). Let y be (-1 - i/(-3))*2. Suppose 75 = f + 3*x, -y*f - x + 105 = -4*x. What is the greatest common divisor of f and 12?
12
Let y(f) = f**2 + 3*f. Let n be y(-4). Let s = -13 + -9. Let t = 23 + s. Calculate the highest common divisor of n and t.
1
Let p be (-79)/(-7) - 10/35. Calculate the highest common divisor of p and 11.
11
Let c = 7 - 6. Let x be 6 - (0/(-2) - c). What is the greatest common divisor of x and 28?
7
Suppose 51 - 3 = 3*d. What is the greatest common factor of 8 and d?
8
Let i(b) = -220*b. Let x be i(-8). Let y be 18/15*x/12. Calculate the greatest common factor of 16 and y.
16
Let y = 26 - 23. Suppose -h - 15 = -2*h. What is the highest common factor of y and h?
3
Suppose 4*s + 5*j - 20 = j, -5*s = 2*j - 31. Suppose -5*z = 4*h - 41, 4*h + 4*z - 37 - 3 = 0. Let n = -8 + h. Calculate the highest common factor of s and n.
1
Let q = -11 + -65. Let p = q - -241. Let k = -6 - -21. Calculate the highest common divisor of k and p.
15
Let y = -54 + 96. Let d(w) = -w**3 - 5*w**2 + 6. Let b be d(-5). What is the highest common factor of b and y?
6
Let z = 4 + -2. Suppose 0 = z*x - 239 - 31. What is the greatest common factor of 15 and x?
15
Let h be ((-54)/(-45))/(3/40). Let u be (-1)/(4/h*-1). Calculate the greatest common divisor of 2 and u.
2
Suppose f - 3*l - 234 = -7*l, 4*l - 734 = -3*f. What is the highest common factor of 100 and f?
50
Let m(w) = -w**3 + 9*w**2 + w - 9. Let n be m(9). Suppose -8 = -4*q - n. Calculate the highest common divisor of q and 2.
2
Suppose b = 3*q - 7 + 37, b - 30 = -3*q. Calculate the highest common divisor of 6 and b.
6
Let j be 6*(20/(-3))/(-10). Suppose 4*d = d + 12. What is the greatest common divisor of d and j?
4
Suppose 0 = 2*q + q - 3. Let f = 3 + q. Calculate the greatest common divisor of 8 and f.
4
Let v = -3 + 12. What is the greatest common factor of 45 and v?
9
Let g be 0/1 + 2 + 25. Suppose -6 = -0*z - 2*z, g = 4*n + 5*z. Suppose 2*s = 3*d - 48, -s + 27 = n*d + 4*s. Calculate the highest common factor of 14 and d.
14
Suppose -2*t - 3*l - 2*l + 43 = 0, -98 = -4*t + 2*l. Let c(u) = u + 15. Let v be c(-9). What is the highest common divisor of t and v?
6
Let d = -130 - -170. Let l(k) = -k**2 - 4*k - 2. Let x be l(-2). Let p be 6/x - (-3 - -1). What is the greatest common factor of p and d?
5
Suppose -4*w + 25 = w. Suppose w*u - 28 = 17. Calculate the greatest common factor of u and 1.
1
Let i(l) = -2*l + 6. Let h be i(-3). What is the greatest common divisor of 18 and h?
6
Suppose -2*z = -6*z + 576. Let m = -8 + 26. Calculate the greatest common divisor of z and m.
18
Let k(n) = -n**2 + n + 33. Let r be k(0). Suppose 4*y - 19 = r. Let z = 243 - 100. What is the highest common divisor of y and z?
13
Let b(z) = -z**3 - z**2 + 2*z - 13. Let a be b(-4). What is the highest common factor of a and 18?
9
Suppose -3*p - 2 = p - 2*z, -4*p - 12 = -4*z. Let x be 4 + p + (-1 - 1). What is the highest common divisor of x and 1?
1
Let d(p) = p**3 - 10*p**2 + 6*p + 3. Let n be d(8). Let m = n + 133. What is the greatest common factor of 14 and m?
14
Let v be -8*5/10*-10. Suppose m - 11 = 5. Suppose w = -0 + m. Calculate the highest common divisor of v and w.
8
Suppose -a = -4*a + 30. Let k(l) = 7*l. Let f be k(a). What is the highest common divisor of 10 and f?
10
Suppose -1953 = -11*a + 4*a. What is the greatest common factor of 9 and a?
9
Let v be 5 + -2 + (4 - 2). Suppose 9 = -v*k + 39. Let q = 2 - -16. Calculate the greatest common factor of q and k.
6
Suppose -144 = -4*h - c + 2*c, 3*h = -3*c + 108. What is the greatest common divisor of h and 60?
12
Let r(b) = 12*b**2 + b. Let m be r(1). Suppose 3*w - 17 = m. Calculate the highest common divisor of w and 30.
10
Let r be (-3 + 5)/((-1)/(-99)). Calculate the highest common divisor of 18 and r.
18
Let c(o) = -15*o + 1. Let x = 1 + 3. Let y be (x/(-6))/(4/6). Let a be c(y). What is the greatest common divisor of a and 24?
8
Let o(x) = x + 4. Let d be o(0). Suppose -l + 1365 = d*l. Suppose l = -2*i + 5*i. What is the highest common factor of i and 13?
13
Suppose -9 = 2*a - 5. Let k be (-6)/(a + -1) + 11. What is the greatest common factor of k and 65?
13
Let i = -2 - -4. Let c be i/(-4) + (-27)/(-6). What is the greatest common factor of 12 and c?
4
Let z = -2 - -4. What is the greatest common divisor of 2 and z?
2
Let s(r) = -r**3 + r**2 + 2*r + 1. Let t = -6 - -4. Let p be s(t)